y + 16 = 44*y. Suppose -h - 4*t = y, 3*h - 4*t = -63 + 19. List the prime factors of (15/(-2))/(1*h/32).
2, 5
What are the prime factors of (-4)/((-4)/3) - (-9174 + (11 - 14))?
2, 3, 5, 17
Let b(z) = z**2 + 15*z + 54. Let s be b(-5). Suppose -92 = -h + k, -s*k = 4*h - h - 276. What are the prime factors of h?
2, 23
Let r(d) = d**3 + 14*d**2 + 9*d - 25. Suppose 0 = -17*c - 23*c - 440. What are the prime factors of r(c)?
239
Let u(n) = -2*n**3 - 4*n**2 + 2*n + 3. Let g = -43 - -37. Let t be u(g). Suppose -2*h + t = h. List the prime factors of h.
3, 31
Suppose -412*l - 40690 = -425*l. What are the prime factors of l?
2, 5, 313
Let t(s) be the second derivative of -251*s**3/6 + 55*s**2/2 - 277*s. What are the prime factors of t(-4)?
3, 353
Let x be 8/(-36) - (83/(-9) + 3). Let r be 2/((-6)/9) - x/6. Let a = r - -29. List the prime factors of a.
5
Let b = 189 - 97. Suppose -961 = -93*x + b*x. List the prime factors of x.
31
Suppose 15*l - 256896 = -49*l. List the prime factors of l.
2, 3, 223
Let o(n) = n**2 + 5*n + 8. Let j be o(-4). List the prime factors of 2 + 27/j*4.
29
Suppose 0 = k - 511 - 184. Let r = k - 290. List the prime factors of r.
3, 5
Let n(h) = 9*h**2 + 7*h - 3154. List the prime factors of n(67).
2, 3, 7, 449
Let j(q) = -q - 25. Let k be j(12). Let v = k + 104. Suppose -n + 3*h = -2*n + 47, 2*n = 3*h + v. What are the prime factors of n?
2, 19
Let j(o) = -34*o - 10. Let i be j(-9). Let a = i - 260. What are the prime factors of a?
2, 3
Let r(p) = 50*p + 5. Let y be r(-1). Let q = 195 + y. Suppose 2*i - 135 = -2*i + 5*f, -4*i + q = -2*f. What are the prime factors of i?
2, 5
Let m = 278 - -91. Suppose -5*x - 2*u = -3964, 3*x - 2015 = -4*u + m. What are the prime factors of x?
2, 3, 11
Let d = 62665 + -42631. What are the prime factors of d?
2, 3, 7, 53
Suppose 0 = h - 31 + 26. Suppose -4*m = -h - 55. Let v = 14 + m. What are the prime factors of v?
29
Suppose 14*f + 5*w = 15*f - 12613, 4*w - 25310 = -2*f. List the prime factors of f.
47, 269
Suppose 5898 = 3*b - 3*p, -6913 - 909 = -4*b - 3*p. What are the prime factors of b?
2, 5, 7
Suppose 5 + 0 = 5*c. Let y be ((-4)/(-8) + c)/((-1)/(-218)). Suppose 0 = 2*o - y - 249. What are the prime factors of o?
2, 3
Let p = 20761 - 11926. What are the prime factors of p?
3, 5, 19, 31
Let u(x) = 20*x**3 - x**2 + 3*x + 3. Let f be u(-2). Let i = f + 1043. List the prime factors of i.
2, 3, 73
Suppose -40 = -2*a - 5*j, -5*a - j + 45 + 9 = 0. Suppose -5*g + a = -4*g. Suppose 3*w + 2*b - 3*b = 82, g = 5*b. What are the prime factors of w?
2, 7
Let g(f) = 2*f + 5. Let j = 1 - 8. Let w be g(j). List the prime factors of -2 - (-31 + w/(-3)).
2, 13
Let h(r) = -12*r - 80. Let o be h(-7). Suppose 6 = -w + 3*n + 57, -4*n - 172 = -o*w. List the prime factors of w.
3, 13
Let u(t) = 2*t**2 - 12*t - 7136. List the prime factors of u(-69).
2, 1607
Let x(u) = -u**3 - 20*u**2 - 17*u + 38. Let z be x(-19). Suppose z = -8*v + 11424 + 2128. List the prime factors of v.
2, 7, 11
Let c = 320 - 312. Suppose 310 = 5*a + q, -c*q = -2*a - 6*q + 124. What are the prime factors of a?
2, 31
What are the prime factors of ((-17)/(-4) + -2)/(240/5323520)?
2, 3, 4159
Suppose -11*a + 1 = -21. Suppose -a*z + z = -49. List the prime factors of z.
7
Let y = 800 + -789. Suppose y*d - 5*d = 12582. List the prime factors of d.
3, 233
Suppose -226*g = -246*g + 55914 + 88526. List the prime factors of g.
2, 23, 157
Let k = -8 + 5. Suppose -4*c = -76 + 456. What are the prime factors of (k + -1)/1 - c?
7, 13
Suppose -10218 = -g + 394*q - 390*q, -2*q - 6 = 0. What are the prime factors of g?
2, 3, 7
Let m(t) = 27314*t + 2612. What are the prime factors of m(2)?
2, 3, 5, 53
Let s be 133/4 + (-46)/184. Let f(a) = a**2 - 29*a - 128. List the prime factors of f(s).
2
Let k = -22583 + 40187. List the prime factors of k.
2, 3, 163
Let g = -56 - -61. Suppose 155 = k + 2*z, 2*k - 6*k + g*z = -646. List the prime factors of k.
3, 53
Let t(k) = -9*k**2 + 40*k - 8. Let f be t(4). Let h(z) = z**3 + 2*z**2 + 4*z - 2. Let w be h(6). Suppose w = f*q + 2*q. List the prime factors of q.
31
Let a(b) = 92*b + 720. What are the prime factors of a(-7)?
2, 19
Let y = 25312 + -17489. What are the prime factors of y?
7823
Let h = 49828 + -13880. List the prime factors of h.
2, 11, 19, 43
Let l(w) = 3*w**2 + 166*w + 4835. List the prime factors of l(-70).
5, 1583
Let y(k) = 99*k + 721. List the prime factors of y(12).
23, 83
Suppose -9218 = -k - 5*y, 0 = -4*k + 14*y - 12*y + 36740. What are the prime factors of k?
2, 2297
Suppose 1111 = 4*o - 5*g - 1850, -2*g = 5*o - 3660. Suppose -8*i + 7118 = o. Suppose -272 = -5*x + i. List the prime factors of x.
2, 107
Let f be 21/12 + 12/(-16). What are the prime factors of (224 - 3) + -4 - f?
2, 3
Let x(c) = -215*c**3 - 2*c**2 - 17*c + 5. List the prime factors of x(-5).
5, 7, 769
Suppose -6*g = -3*g + 5*y - 110470, -y = 2*g - 73656. List the prime factors of g.
2, 5, 29, 127
Let s(n) = -302*n + 1298. What are the prime factors of s(-33)?
2, 11
Suppose -29*b + 76*b - 2035899 = 0. List the prime factors of b.
3, 4813
Let r be (-3156)/(-3) - (-6 - (-3 + 1)). Suppose 0 = 2*q + 4*u - 534, 4*q + 4*u = -0*q + r. List the prime factors of q.
3, 29
List the prime factors of -20 - (-20979 - 198/(-18)).
2, 5237
Let o(z) = 3*z**2 + 3*z - 2. Let c be o(1). Suppose a = 3 + c. Suppose a*t - 942 = 367. What are the prime factors of t?
11, 17
Let c = -137 + 290. Suppose -3*q - 5*w + 239 = 0, 64 - c = -q + 3*w. List the prime factors of q.
83
What are the prime factors of -77307*(-6 - 323/(-57))?
73, 353
Let t(m) = m**2 - 28*m - 36. Let i be t(25). Let z = i - -404. What are the prime factors of z?
293
Let f(s) = 10*s**3 + 15*s**2 - 2*s + 4. Let t(d) = 20*d**3 + 32*d**2 - 6*d + 9. Let b(m) = 9*f(m) - 4*t(m). List the prime factors of b(4).
2, 97
Suppose 0 = 7*p - 43 - 139. Suppose 0 = -2*u + 24 + p. Let r = u + -17. What are the prime factors of r?
2
Let g be (-1)/(-3) + 319/87. What are the prime factors of g + 18/(-4) + 997/2?
2, 3, 83
Let v(j) = j + 4. Let p be v(0). Let u be (4 - p)/(2 + -2 + -2). Suppose 3*n + 22 - 205 = u. What are the prime factors of n?
61
Suppose 15*q - 10*q - 35 = 0, 3*b - 4*q - 49376 = 0. List the prime factors of b.
2, 23, 179
Suppose 1229228 = 18*k + 59*k - 10626. What are the prime factors of k?
2, 83, 97
Suppose -5*h + 2*l = -7, 2*h - 4*l + 31 = 7*h. Suppose -3 + 0 = 3*a, -h*f + 4*a = -1441. What are the prime factors of f?
479
Suppose 1 = o - 1. Suppose -5*q = 4*n + 10, -o*n + 2*q - 3*q = 2. Suppose n = -7*d + d + 438. What are the prime factors of d?
73
Suppose 0 = 5*o - 9*o + 5784. Suppose -44*l + 38*l + o = 0. Let i = l - 127. List the prime factors of i.
2, 3, 19
Let p be 0 + -1779*(-4)/12. Let n = 193 + p. What are the prime factors of n?
2, 3, 131
Let r(f) = -27*f - 16. Let o be r(8). List the prime factors of (2 - o/(-2))/(15/(-20)).
2, 19
Let t(o) = 4*o**2 + 53*o - 30. Let r(s) = 4*s**3 + 9*s**2 + 10*s - 6. Let w be r(-2). List the prime factors of t(w).
2, 5, 37
Let d = 240 + -89. Suppose 0 = -4*x - 4*l + 116, -4*x + 3*l + d = -0*x. List the prime factors of x.
2, 17
Let l(v) = 83*v - 28. Let b be l(6). Let h = b + -285. What are the prime factors of h?
5, 37
Suppose 4*v + 4720 = 4*l, -4*l + 0*v + 4705 = v. Suppose -4*u - 4*i = -l - 719, 968 = 2*u - 2*i. What are the prime factors of u?
479
Let q(k) = 12*k + 112. Let w be q(-8). Suppose w*m - 2893 - 9731 = 0. What are the prime factors of m?
3, 263
Let h be (1/(0 + -1))/((-13)/4524). Let r = 249 - h. Let i = 188 - r. List the prime factors of i.
7, 41
Let f(v) = -2*v**3 + 22*v**2 + 272*v + 26. List the prime factors of f(-14).
2, 3, 17, 59
Suppose -5*d - 462 = 6*d. Let p be (4 - (-175)/d) + (-38)/(-12). Suppose -p*q + 142 = r - 0*q, 273 = 2*r - 5*q. What are the prime factors of r?
139
Let v(s) = -461*s + 2821. What are the prime factors of v(-21)?
2, 7, 19, 47
Suppose 2*w = -4*w + 55080. Suppose 9*y + y - w = 0. Suppose -12*c + y = -354. What are the prime factors of c?
2, 53
Let w be 3205/25 + 1/5*-1. Let c be (-3)/(-2)*w/6. Let y = -24 + c. List the prime factors of y.
2
Suppose -2*r + g + 64877 = 7137, -4*r - 2*g = -115488. List the prime factors of r.
28871
Let i(j) = 389*j**2 + 62*j + 245. List the prime factors of i(-4).
6221
Suppos